. List the prime factors of b.
3, 31
Let b = 112583 - 72017. What are the prime factors of b?
2, 3, 6761
Let n(q) = q**3 + 9*q**2 - 3*q - 9. Let o be n(-7). Let i = -108 + o. Suppose 1253 = i*f + 5*f. List the prime factors of f.
179
Let l(n) = 0*n**3 - 7*n**3 + 0*n**3 + n. What are the prime factors of l(-1)?
2, 3
List the prime factors of (-1279504)/(-128) + (-10)/80.
2, 3, 7, 17
Let p = -89 - -94. Suppose 0 = -2*v + 3 + p. Suppose 5*o = 2*y - 101, 5*y + 197 = v*o + 492. List the prime factors of y.
3, 7
Let i = 239 + -237. Suppose -3*b - 195 = -i*f - f, -3*b + 6 = 0. What are the prime factors of f?
67
Suppose -16*j + 7*j + 468 = 0. Let c be 4/(-26) - ((-1516)/j - -2). Suppose 45 + c = 2*x. List the prime factors of x.
2, 3
Let g = -10737 - -15581. What are the prime factors of g?
2, 7, 173
Suppose 4*y = -1 - 35. Let i(l) = l**3 + 8*l**2 - 7*l + 20. Let j be i(y). Suppose -f + 5*o = 4*o - 136, 3*f = j*o + 408. List the prime factors of f.
2, 17
Suppose -28879 = -11*c + 57262. List the prime factors of c.
41, 191
Suppose -24*y - 11856 = -28*y. Suppose -5*g + 2970 = 3*a, -13*g + 10*g + y = 3*a. What are the prime factors of a?
5, 197
Let j(m) = 219*m + 6019. List the prime factors of j(0).
13, 463
What are the prime factors of 160/(440/36 - 12)?
2, 3, 5
Let r = 22532 - 1103. List the prime factors of r.
3, 2381
Let u = 3608 + 4869. List the prime factors of u.
7, 173
Let y(u) = 6*u**3 - 25*u**2 + 4*u + 148. What are the prime factors of y(13)?
9157
Let y(g) = g**2 - 3*g - 5. Let x be y(5). Suppose u = s + 4*s - 1415, 10 = 2*u. Suppose x*p = 2*t - 204, 3*t - s = -3*p + 5*p. List the prime factors of t.
2, 23
Suppose -2*y + 117 = 11*y. Let u(p) = 6*p + p**2 - 4*p + 14 + 3*p + 2. List the prime factors of u(y).
2, 71
Suppose 51*q = 52*q - 6. Let p(n) = -n**3 + 9*n**2 - 13*n + 20. What are the prime factors of p(q)?
2, 5
Suppose -1605519 = -45*i - 762408 + 1769409. List the prime factors of i.
2, 3, 41, 59
Let o = 198 - -2623. List the prime factors of o.
7, 13, 31
Let n(y) = 4*y**2 + 3*y - 2. Let j(q) = -q**2 - q. Let t(x) = -6*j(x) - n(x). Let f be t(-3). Suppose 648 = f*s - 7*s. What are the prime factors of s?
2, 3
Suppose -d - 6999 = -2*f + 5096, -3*f + 2*d + 18142 = 0. List the prime factors of f.
2, 3, 7
Suppose -h + 3*h = 10. Suppose h*s + 3*u - 1792 = 0, s - 5*s + 2*u = -1438. List the prime factors of s.
359
Suppose -28*f + 844 = 24*f + 3964. Let j(x) = -5*x**2 - 6*x + 2. Let m be j(4). Let g = f - m. What are the prime factors of g?
2, 3, 7
Let b = -557 - -550. What are the prime factors of 0 + (-30820)/(-28) + (-2)/b?
3, 367
Let w = 25 + -20. Suppose -3*u + 630 = 3*m, -2*m = -0*m + w*u - 408. Suppose -3*h - n = -0*n - 309, m = 2*h - 2*n. What are the prime factors of h?
2, 13
Let t(a) = 6*a**2 - 9*a - 6. Let q be t(7). Suppose -5*z = 3*z - 464. Let r = q - z. List the prime factors of r.
167
What are the prime factors of (952/6)/(((-500)/(-390))/25)?
2, 7, 13, 17
What are the prime factors of (-18 - (-40180)/(-100))*-115?
23, 2099
What are the prime factors of ((-36684)/(-30) - -10)*(1 - (-9)/6)?
2, 23, 67
Suppose 5*l = l + 3*l. Suppose l*x - x = 319. Let i = 553 + x. What are the prime factors of i?
2, 3, 13
Let c be (-7)/(-21) + 82/6. Suppose -c*n = -7*n - 3479. What are the prime factors of n?
7, 71
Suppose -1064 - 3306 = -38*z. Suppose -112*u = -z*u + 2718. What are the prime factors of u?
2, 3, 151
Let l(b) = 88 - 8*b**2 + 7*b + 33*b + 7*b**2 + 24 + 4*b. What are the prime factors of l(32)?
2, 31
Let g(i) = -2*i - 31. Let l(b) = 4*b. Let p be l(2). Let r(j) = -6*j - 93. Let w(h) = p*g(h) - 3*r(h). List the prime factors of w(-9).
13
Let s(r) = r**3 + 5*r**2 + 2*r - 4. Let g be s(-4). Suppose 106 + 66 = g*u. Suppose 603 = 7*n + u. What are the prime factors of n?
2, 5
Let n(d) = 4*d**2 - 79*d + 9. Let y be n(27). Let p = y + 94. What are the prime factors of p?
2, 443
Suppose -f - 1 = 0, 2*t - f = 20 + 3. Suppose -t + 16 = p. Suppose -4*m = -p*x - 412, 0*m + 2*x + 106 = m. List the prime factors of m.
2, 7
Let h(b) be the third derivative of -b**6/120 - 3*b**5/10 - b**4 + 11*b**3/2 + 25*b**2 + 2*b. List the prime factors of h(-18).
3, 5, 31
Let g be -3 - ((-3 - 0) + 2). What are the prime factors of g/((-6)/(-648)*-1)?
2, 3
Let f = -5958 - -6091. Suppose -u + 367 = -4*g - 2*u, g = -2*u - 90. Let w = g + f. List the prime factors of w.
41
Suppose 5*z = 3*i + 10, 3*i = 19 - 4. Suppose -z*s = -5*d + 60, -s = -d - 4*s + 4. Suppose -124 = d*p - 1254. What are the prime factors of p?
113
Let u be -1 - -3 - 1 - 160. What are the prime factors of (-1 + -3)*(u - -2)?
2, 157
Let l = -179 + 58. Let z = l + 754. List the prime factors of z.
3, 211
Let n be -1*(-4 + 7/7). Suppose 5*p - 2491 = -2*b, 5*p - n*b - 221 - 2280 = 0. List the prime factors of p.
499
Suppose -5*r + 2*n = -45735, -5565 = r + 3*n - 14695. Suppose -5*y = -8*y, 5*d - 3*y = r. Suppose -12*f + d = 161. List the prime factors of f.
139
What are the prime factors of (20/(-4) - (-182)/39) + 112508/6?
17, 1103
Let o(z) = -36 + 5*z - 5 - 3*z**2 + 6*z**2 - 46*z. List the prime factors of o(20).
3, 113
Suppose 57541 = k - 91*l + 86*l, -3*k = 8*l - 172485. What are the prime factors of k?
17, 199
Suppose y + 3*y + 2*l - 168 = 0, 4*y - l = 156. Suppose -68 = -2*v - 3*n, 0*v = 2*v - 4*n - y. List the prime factors of v.
2, 7
Let k = -33921 + 56085. What are the prime factors of k?
2, 3, 1847
List the prime factors of (-475)/76*-2*(1 - -133).
5, 67
Suppose 13*c - 4*c + 153 = 0. Let h = 1144 + c. List the prime factors of h.
7, 23
Let k = 81 + -79. Let x(i) = 5*i**2 - 2*i**k - 5 - 14 - 38*i - i**2. What are the prime factors of x(21)?
5, 13
Let r(d) = -2*d**3 + 5*d**2 - 4*d + 2. Let j be r(3). Let u be (-17 - j) + (4 - 0). What are the prime factors of (-132 + 2)*u/(-12)?
5, 13
Let a = 537 + -101. Let z = -215 + a. List the prime factors of z.
13, 17
What are the prime factors of ((3 - 14)/(-11))/(4/17060)?
5, 853
Let j(i) = i - 7. Let q be j(7). Suppose -3*k - 5*b + 17 = -b, -2*k + 2*b + 2 = q. Suppose -2*d = -k - 187. List the prime factors of d.
5, 19
Suppose 48*z + 4598922 = 134*z + 1828518. What are the prime factors of z?
2, 3, 7, 13, 59
Suppose -3*i - 2*h - 2*h - 8 = 0, -2*h - 8 = 2*i. What are the prime factors of (-4204)/(-14) - i/(-28)?
2, 3, 5
Let h = 67 + -69. What are the prime factors of (9 - (-3148)/10) + h/(-10)?
2, 3
Suppose 3*m + 28 = 7*m + 3*l, -5*l = -3*m - 8. What are the prime factors of m/20 + 97908/60?
2, 3, 17
Let u = 80 + -77. Suppose 0 = 4*o - 4*y - 200, -u*o - 5*y + 175 - 1 = 0. Let i = o - -5. List the prime factors of i.
2, 29
Let z(n) be the second derivative of 17*n**4/12 - n**3/2 + 11*n**2/2 - n - 2. What are the prime factors of z(4)?
271
Let r = -129 - -121. List the prime factors of (9 - -1554 - -2) + r.
3, 173
Let z(l) = 34*l**2 - 2*l - 1. Let j be z(1). Suppose -24*b + 882 = -j*b. Let d = 176 + b. What are the prime factors of d?
2, 5
Let m = 47333 - 33775. What are the prime factors of m?
2, 6779
Suppose -4*x = -4*p - 8, -3*x - 5*p = -0*x - 30. Suppose m - 314 = -g + 47, x*m = -15. What are the prime factors of g?
2, 7, 13
What are the prime factors of 1898*(-12)/(-8) - (0 + 1 + 0)?
2, 1423
Let t be 65/5 + -2 + 2. Let u(q) = 3*q**2 - 7*q - 27. List the prime factors of u(t).
389
Suppose 101*t - 1 = 102*t. Let w = -89 - -63. What are the prime factors of (-117)/w - t/(-2)?
2
Let k be ((-40)/(-6))/(24/36). Suppose 0 = k*s - 1642 - 428. What are the prime factors of s?
3, 23
What are the prime factors of (8/(-24))/((-5)/179085)?
11939
Suppose -6*t = -1487 - 331. Suppose 0 = -5*u + 2*p + 772, u - t = -u - 5*p. Let c = u - 71. What are the prime factors of c?
83
Let l be 38/((-390)/(-95) + -4). Suppose -2*b + 5*i = -167, -4*b - 2*i + l = -3*i. What are the prime factors of b?
7, 13
Let q(u) = -9*u - 42. Let x be q(-4). Let a(m) = -20*m - 71. What are the prime factors of a(x)?
7
Let k(o) = -8*o**2 + 1574*o - 937. List the prime factors of k(174).
79, 389
What are the prime factors of 1541/((-2)/(-152)*27 + 336/(-3192))?
2, 23, 67
What are the prime factors of ((-365936)/24)/((-30)/135)?
3, 22871
Let h(z) = -26*z - 184. Let l be h(-6). Let o = -20 - l. What are the prime factors of o?
2
Let d(u) = 14*u**2 - 576*u + 114. List the prime factors of d(4